units digit of 102786?
6
What is the hundreds digit of 4636?
6
What is the hundreds digit of 3038?
0
What is the units digit of 1680?
0
What is the tens digit of 11987?
8
What is the tens digit of 617?
1
What is the ten thousands digit of 11143?
1
What is the thousands digit of 1747?
1
What is the tens digit of 7574?
7
What is the hundreds digit of 4710?
7
What is the hundred thousands digit of 162257?
1
What is the units digit of 195?
5
What is the hundreds digit of 6139?
1
What is the ten thousands digit of 18071?
1
What is the ten thousands digit of 16970?
1
What is the thousands digit of 1938?
1
What is the hundreds digit of 809?
8
What is the tens digit of 13832?
3
What is the ten thousands digit of 138203?
3
What is the units digit of 989?
9
What is the thousands digit of 4514?
4
What is the hundreds digit of 12133?
1
What is the ten thousands digit of 130004?
3
What is the hundreds digit of 82792?
7
What is the tens digit of 3714?
1
What is the units digit of 1100?
0
What is the tens digit of 7320?
2
What is the thousands digit of 4057?
4
What is the tens digit of 932?
3
What is the units digit of 699?
9
What is the hundreds digit of 43828?
8
What is the tens digit of 7112?
1
What is the tens digit of 9210?
1
What is the units digit of 42157?
7
What is the hundreds digit of 15084?
0
What is the tens digit of 2726?
2
What is the ten thousands digit of 28256?
2
What is the ten thousands digit of 14883?
1
What is the units digit of 1982?
2
What is the thousands digit of 8639?
8
What is the units digit of 343?
3
What is the ten thousands digit of 58518?
5
What is the thousands digit of 198445?
8
What is the tens digit of 104?
0
What is the units digit of 22278?
8
What is the hundreds digit of 131189?
1
What is the hundreds digit of 3191?
1
What is the hundreds digit of 1305?
3
What is the hundreds digit of 65370?
3
What is the hundreds digit of 1742?
7
What is the units digit of 34132?
2
What is the thousands digit of 4358?
4
What is the hundreds digit of 21437?
4
What is the hundreds digit of 20569?
5
What is the units digit of 6085?
5
What is the hundreds digit of 2403?
4
What is the hundreds digit of 3774?
7
What is the hundreds digit of 39245?
2
What is the ten thousands digit of 81289?
8
What is the tens digit of 8331?
3
What is the hundreds digit of 281?
2
What is the tens digit of 8165?
6
What is the units digit of 2140?
0
What is the hundreds digit of 1694?
6
What is the hundreds digit of 24696?
6
What is the thousands digit of 40661?
0
What is the hundreds digit of 1195?
1
What is the tens digit of 36819?
1
What is the units digit of 15422?
2
What is the hundreds digit of 913?
9
What is the tens digit of 2548?
4
What is the hundreds digit of 7063?
0
What is the thousands digit of 14427?
4
What is the hundreds digit of 1011?
0
What is the thousands digit of 5643?
5
What is the units digit of 1?
1
What is the hundreds digit of 2551?
5
What is the ten thousands digit of 14339?
1
What is the thousands digit of 19080?
9
What is the hundreds digit of 3241?
2
What is the units digit of 1299?
9
What is the tens digit of 4498?
9
What is the tens digit of 16306?
0
What is the thousands digit of 15828?
5
What is the ten thousands digit of 21037?
2
What is the tens digit of 18459?
5
What is the hundreds digit of 90889?
8
What is the tens digit of 51?
5
What is the tens digit of 925?
2
What is the units digit of 18293?
3
What is the hundreds digit of 2431?
4
What is the tens digit of 30746?
4
What is the hundreds digit of 607?
6
What is the units digit of 565?
5
What is the units digit of 408?
8
What is the thousands digit of 9004?
9
What is the units digit of 269?
9
What is the units digit of 55698?
8
What is the thousands digit of 30012?
0
What is the hundreds digit of 11369?
3
What is the tens digit of 6420?
2
What is the units digit of 874?
4
What is the thousands digit of 104561?
4
What is the thousands digit of 30500?
0
What is the hundreds digit of 7522?
5
What is the tens digit of 5564?
6
What is the tens digit of 6889?
8
What is the tens digit of 13272?
7
What is the units digit of 7965?
5
What is the thousands digit of 4578?
4
What is the hundreds digit of 1066?
0
What is the units digit of 491?
1
What is the units digit of 39617?
7
What is the tens digit of 4409?
0
What is the hundreds digit of 1159?
1
What is the thousands digit of 1861?
1
What is the thousands digit of 6477?
6
What is the units digit of 34095?
5
What is the tens digit of 108380?
8
What is the tens digit of 1277?
7
What is the units digit of 103?
3
What is the tens digit of 9005?
0
What is the units digit of 34?
4
What is the thousands digit of 125331?
5
What is the hundreds digit of 7237?
2
What is the tens digit of 155390?
9
What is the hundreds digit of 30918?
9
What is the units digit of 23035?
5
What is the thousands digit of 1437?
1
What is the hundreds digit of 14386?
3
What is the hundreds digit of 2125?
1
What is the units digit of 2178?
8
What is the tens digit of 1812?
1
What is the thousands digit of 8954?
8
What is the thousands digit of 1818?
1
What is the tens digit of 2768?
6
What is the tens digit of 20886?
8
What is the thousands digit of 20854?
0
What is the tens digit of 1964?
6
What is the units digit of 3475?
5
What is the hundreds digit of 755?
7
What is the hundreds digit of 21653?
6
What is the hundreds digit of 629?
6
What is the tens digit of 4138?
3
What is the tens digit of 15075?
7
What is the thousands digit of 2655?
2
What is the hundreds digit of 851?
8
What is the hundreds digit of 63848?
8
What is the thousands digit of 49062?
9
What is the hundreds digit of 1111?
1
What is the thousands digit of 5671?
5
What is the ten thousands digit of 83937?
8
What is the thousands digit of 7876?
7
What is the units digit of 93404?
4
What is the hundreds digit of 24164?
1
What is the units digit of 341?
1
What is the tens digit of 12662?
6
What is the units digit of 18436?
6
What is the units digit of 2482?
2
What is the units digit of 145865?
5
What is the units digit of 5679?
9
What is the hundreds digit of 1658?
6
What is the units digit of 1557?
7
What is the units digit of 903?
3
What is the ten thousands digit of 28318?
2
What is the thousands digit of 3030?
3
What is the units digit of 231?
1
What is the units digit of 4632?
2
What is the units digit of 11051?
1
What is the hundreds digit of 33181?
1
What is the units digit of 32?
2
What is the units digit of 385?
5
What is the units digit of 2122?
2
What is the units digit of 15334?
4
What is the units digit of 164?
4
What is the tens digit of 757?
5
What is the hundreds digit of 907?
9
What is the hundreds digit of 15787?
7
What is the units digit of 2072?
2
What is the thousands digit of 1384?
1
What is the units digit of 1682?
2
What is the tens digit of 12531?
3
What is the units digit of 17593?
3
What is the units digit of 8492?
2
What is the units digit of 18134?
4
What is the tens digit of 162073?
7
What is the units digit of 11000?
0
What is the tens digit of 30223?
2
What is the units digit of 638?
8
What is the units digit of 25382?
2
What is the thousands digit of 5089?
5
What is the tens digit of 3055?
5
What is the units digit of 5733?
3
What is the hundreds digit of 88435?
4
What is the hundreds digit of 14040?
0
What is the tens digit of 1120?
2
What is the tens digit of 3836?
3
What is the units digit of 4894?
4
What is the tens digit of 43064?
6
What is the tens digit of 10075?
7
What is the tens digit of 11690?
9
What is the thousands digit of 1561?
1
What is the units digit of 1871?
1
What is the units digit of 27?
7
What is the hundreds digit of 952?
9
What is the thousands digit of 5521?
5
What is the thousands digit of 3814?
3
What is the tens digit of 10?
1
What is the thousands digit of 37649?
7
What is the units digit of 16604?
4
What is the thousands digit of 3271?
3
What is the hundreds digit of 14164?
1
What is the tens digit of 11600?
0
What is the tens digit of 9747?
4
What is the units digit of 927?
7
What is the units digit of 1191?
1
What is the hundreds digit of 26502?
5
What is the hundreds digit of 19314?
3
What is the hundreds digit of 2802?
8
What is the thousands digit of 16429?
6
What is the ten thousands digit of 14319?
1
What is the tens di